e (222 - 31) + 4/(-2). Suppose 9*b - 261 - n = 0. Calculate the greatest common factor of b and 30.
10
Let o = -3231 - -3465. Calculate the highest common factor of o and 1560.
78
Let x be -1191*1/(-12) - 9/(-12). Let a = 146 - x. Suppose -69 = 3*i - 6*i + l, 3*l = 0. Calculate the highest common factor of i and a.
23
Suppose -3*j - 59 = -2*j - 3*z, -j + 4*z = 59. Let k = j - -122. Calculate the greatest common factor of 144 and k.
9
Let m be 3*(-72)/20*-5. Suppose -4*p - 36 - 112 = -2*g, g + 5*p - 67 = 0. What is the highest common divisor of m and g?
18
Let z be (12 - 82/4)/((-5)/4930). What is the highest common divisor of 29 and z?
29
Let s = -625 - -667. Suppose -8 = -4*g, -g - 60 = -x - s. What is the greatest common factor of x and 180?
20
Let v = 24 - 16. Let n(q) = -3*q - 27. Let s be (-4806)/378 - (-4)/(-14). Let f be n(s). What is the greatest common factor of v and f?
4
Let h(a) = -5*a**3 + 3*a - 3. Let w be h(1). Let b be -20*w/6*30/25. Suppose -6*q + 88 = -b. Calculate the greatest common divisor of q and 90.
18
Let s(f) = -f**2 + 37*f - 237. Let v(r) = -r**2 - 34*r - 183. Let l be v(-26). Let h be s(l). What is the greatest common divisor of 1008 and h?
63
Let c be (28/8 + -2)*144. Suppose 0 = 35*j + 5*j - 908 - 2932. What is the greatest common divisor of j and c?
24
Let t be 9 - (11 - 9)*(0 + -2). Let y(k) = -2*k**2 + 25*k + 24. Let x be y(t). What is the greatest common factor of x and 44?
11
Suppose 4*o = -508 - 172. Let x = 180 + o. Suppose 0 = 2*k - 4, 5*y + 4*k - 173 = 385. Calculate the highest common factor of y and x.
10
Let r = -58 + 1309. Let x = r + -740. What is the greatest common divisor of 146 and x?
73
Let n(u) = 7*u - 94. Let o be n(-10). Let k = o + 187. What is the greatest common divisor of 253 and k?
23
Suppose 40*z - 5*l = 42*z - 5741, 0 = -4*z - 6*l + 11510. Calculate the highest common divisor of z and 608.
152
Let j(i) = i**3 - i**2 + i + 3. Let p be j(0). Suppose -8*r + 6*r - 125 = q, -2*q - 2*r = 248. Let y = q + 132. Calculate the highest common divisor of y and p.
3
Suppose -2*a - 20 = 4*y + 58, a - 4*y = -69. Let o = a - -61. What is the highest common factor of 156 and o?
12
Suppose -15*o = 16*o - 31. Let d(p) = 62*p + 29. Let j be d(o). Calculate the greatest common factor of 52 and j.
13
Let p = 889 - 617. Suppose 0*b + p = 4*b. What is the greatest common factor of b and 17?
17
Let i = 8985 + -8790. Calculate the highest common factor of i and 1105.
65
Let c(n) = n + 16. Let x be c(0). Let h = -623611 + 623621. Calculate the greatest common factor of h and x.
2
Let i = -34 - -70. Let n(j) = -j**2 + 9*j + 48. Let c be n(-14). Let k = -220 - c. What is the highest common factor of i and k?
18
Let o = 99 + -62. Let b = 270 + 100. What is the highest common factor of b and o?
37
Suppose -4*w = -16, -4*o - 5*w + 56104 = 18164. What is the greatest common factor of o and 240?
120
Let o(j) = 16*j + 227. Let w be o(-14). Suppose -137 = -3*b + m, 3*m = -w*b + 59 + 94. Calculate the highest common divisor of b and 1269.
47
Let b be 110/(-385) + 5483/7. Calculate the greatest common divisor of 54 and b.
27
Suppose 12*y - 368527 = -d, -120*y + 115*y - 5*d = -153530. Calculate the highest common divisor of 87 and y.
87
Suppose -39 = -9*m - 12. Suppose -8*u + 3*u + 2*x = -163, m*u + 5*x = 104. What is the highest common divisor of 11 and u?
11
Let b = 16 - 12. Suppose -v = 4*i - 0*i + 5, -b*v + 2*i = -16. Let f be v/(5 - (2 - -2)). What is the greatest common factor of f and 9?
3
Let p = 35 + -41. Let x(s) = -s**3 - 8*s**2 - 12*s + 3. Let y be x(p). Let l be (126/15)/(y/10). Calculate the highest common factor of 224 and l.
28
Let b be 535 + (-9 - -18) - 5*-1. What is the greatest common factor of 793 and b?
61
Suppose -119 - 149 = -5*n - 2*c, 2*c = -2*n + 112. Calculate the greatest common divisor of n and 2054.
26
Suppose -3*y + 1491 = r, 2*y + 2*r = 3*y - 504. Suppose 2*u - y = 12. What is the greatest common factor of u and 34?
17
Let d be (49 + (-24 - 12))*17. Let r be 13/2*(-3 + 5). What is the highest common divisor of r and d?
13
Let l(w) be the first derivative of w**3/3 + 11*w**2/2 + 50*w - 20. Let c be l(-5). Calculate the highest common divisor of 45 and c.
5
Let y be 11 - (2/10 - (-44)/55). Let u = 52 + -26. Let a = u + -11. What is the greatest common factor of y and a?
5
Suppose y + 5*i + 0*i = 1045, 4*i - 1041 = -y. What is the greatest common factor of 50 and y?
25
Suppose -351*y + 1215842 + 499846 = 0. What is the highest common divisor of y and 208?
104
Suppose 4 = -9*r + 49. Let m be 1309/385 - (-3)/r. What is the highest common factor of m and 4?
4
Let i be -1*(-3 + -3 - 3250). Calculate the greatest common factor of 88 and i.
88
Suppose h = -1, -47*h = -u - 44*h - 21. Suppose -4*f - 1828 = 780. Let t be f/u + 1/(-6). Calculate the highest common factor of t and 189.
27
Let k(h) = 118*h - 2210. Let t be k(19). What is the highest common divisor of t and 36?
4
Let j(i) = 42*i**2 - 7*i + 1. Let g(s) = 21*s**2 - 3*s. Let t(l) = 7*g(l) - 3*j(l). Let w be t(1). What is the highest common divisor of 2 and w?
2
Suppose 3*m = -2*o + 19493, -91*o + 88*o = 6. What is the greatest common factor of m and 268?
67
Suppose 5*v - 39890 = 5*u, 0 = u + 12 - 15. Calculate the highest common divisor of v and 23.
23
Let o = -10770 - -15774. Calculate the highest common divisor of 36 and o.
36
Let q be 4/(-2)*(-135 - 1546). What is the highest common divisor of q and 328?
82
Let x(i) = -2*i**2 + 44*i + 4. Let q be x(22). Suppose -v = 3*j - 1060, q*v = 1 + 15. Calculate the highest common factor of j and 44.
44
Let p(b) = 3*b + 7*b**2 + 0*b - 4 + 3*b. Let j be p(-7). Suppose -615 - 192 = -11*c - 510. Calculate the highest common factor of j and c.
27
Let r(t) = -7*t - 5. Let v be r(-1). Suppose 4*m - 136 = -5*p + 64, v*p + 217 = 5*m. What is the greatest common divisor of m and 855?
45
Let b(g) = 2*g + 1. Let d be b(4). Let k be -2 + (7 - 527)/(-4). Let p = -101 + k. What is the highest common factor of d and p?
9
Let u be (15000/(-80) - -47)/(2/(-68)). Calculate the highest common divisor of u and 17.
17
Let m = -5847 - -5941. Calculate the highest common divisor of m and 5.
1
Let w = -240 - -240. Suppose 68*b - 72*b + 696 = w. What is the highest common divisor of b and 6?
6
Let g(q) = -36*q + 56. Let o be g(-7). Let m = -248 + o. Calculate the highest common factor of m and 48.
12
Let i(x) = x**3 + 17*x**2 - 14*x + 8. Let v be i(-12). What is the greatest common factor of v and 49?
7
Suppose 0 = -3*n - 2*y + 2252, -228*n + 229*n - 3*y - 747 = 0. Calculate the greatest common divisor of 540 and n.
30
Let b = 354 + -178. Suppose 0 = 6*f - 5 - 7. Suppose 0 = -d + 4*a + 4, d + 4*a = -f*d + 60. What is the highest common divisor of b and d?
16
Suppose 0 = 61*d - 67*d + 90. Suppose h - 46 = -0*v - 4*v, 3*v - d = 0. What is the highest common divisor of h and 91?
13
Let x be 3 + 3/(-3) + -2. Suppose 0 = 4*i - x*t - t - 125, -3*i = t - 99. What is the highest common factor of 128 and i?
32
Let g(h) = -h**3 - 31*h**2 + 24*h - 91. Let j be g(-32). What is the greatest common divisor of 1221 and j?
33
Let f be 2345/10*(9/27 + 106/42). What is the highest common factor of f and 30?
10
Suppose -2*n = v - 53, -7*v + 8*v = 4*n - 115. Suppose -n*o + 33*o = 70. Suppose 4*u - 10 + 86 = 4*w, -2 = -u. What is the highest common factor of w and o?
7
Suppose -106*i + 137*i - 22692 = 0. What is the highest common factor of 24 and i?
12
Let a = -5054 - -6917. Calculate the greatest common divisor of a and 115.
23
Let c be -18 + 2/((-10)/15). Let s be (7/c)/((-2)/24). Suppose -3*w + s + 26 = 0. Calculate the highest common factor of 80 and w.
10
Let v(a) = 468 - 2*a + a - 188 - 158. Let b be v(18). Calculate the greatest common factor of 1560 and b.
104
Let u = 260 + -257. Let j(a) = 40*a + 9. Let f(z) = -160*z - 35. Let w(r) = 6*f(r) + 25*j(r). Let y be w(u). What is the highest common divisor of y and 27?
27
Let o be (384/80)/((-6)/20). Let m = o - -19. Let d be ((28/m)/7)/(1/18). Calculate the greatest common divisor of 4 and d.
4
Suppose -2*w = 3*o - 15465, 0 = 227*w - 232*w - 15. What is the greatest common divisor of 18 and o?
9
Suppose 2*p - 6 = p - x, -4*p = -4*x - 64. Let y = 14 + 0. Let j be (y - 1) + (-12)/6. What 